{"id":2653,"date":"2020-03-02T10:14:06","date_gmt":"2020-03-02T09:14:06","guid":{"rendered":"http:\/\/gs-ravne.splet.arnes.si\/?page_id=2653"},"modified":"2020-03-27T14:43:14","modified_gmt":"2020-03-27T13:43:14","slug":"korona-virus-ukrepi","status":"publish","type":"page","link":"https:\/\/gs-ravne.splet.arnes.si\/?page_id=2653","title":{"rendered":"KORONA VIRUS-informacije, navodila in ukrepi"},"content":{"rendered":"<p><strong>Aktualno na povezavi\u00a0<a href=\"https:\/\/www.nijz.si\/sl\/koronavirus-2019-ncov\" target=\"_blank\">https:\/\/www.nijz.si\/sl\/koronavirus-2019-ncov<\/a><\/strong><\/p>\n<p>Po navodilih Ministrstva za \u0161olstvo, znanost in \u0161port z dne 24. 2. 2020 vas obve\u0161\u010damo, da posebnih omejitev pri izvajanju pouka pristojno ministrstvo do nadaljnjega ne predvideva.<\/p>\n<p>Na \u0161oli bomo poskrbeli za pogostej\u0161o dezinfekcijo kljuk, stikal in delovnih povr\u0161in. V \u0161olskih prostorih so na klju\u010dnih mestih name\u0161\u010dena navodila za umivanje rok in higieno ka\u0161lja. U\u010ditelji bodo u\u010dence seznanili s preventivnimi ukrepi za zmanj\u0161anje mo\u017enosti \u0161irjenja oku\u017eb.<\/p>\n<p>SPLO\u0160NI PREVENTIVNI IN SPECIFI\u010cNI UKREPI (NIJZ)<br \/>\nVir: https:\/\/www.nijz.si\/sl\/preprecevanje-okuzbe-z-virusom-sars-cov-2019<br \/>\nPri prepre\u010devanju oku\u017ebe z virusom SARS-CoV-2 je tako kot pri drugih nalezljivih bolezni, ki povzro\u010dajo oku\u017ebe dihal, priporo\u010dljivo upo\u0161tevati naslednje vsakodnevne preventivne ukrepe:<\/p>\n<ul>\n<li>izogibamo se tesnim stiskom z ljudmi, ki ka\u017eejo znake nalezljive bolezni<\/li>\n<li>ne dotikamo se o\u010di, nosu in ust<\/li>\n<li>v primeru, da zbolimo, ostanemo doma<\/li>\n<li>upo\u0161tevamo pravila higiene ka\u0161lja<\/li>\n<li>redno si umivamo roke z milom in vodo<\/li>\n<li>v primeru, da voda in milo nista dostopna, za razku\u017eevanje rok uporabimo namensko razku\u017eilo za roke (vsebnost alkohola v razku\u017eilu za roke naj bo najmanj 60%, razku\u017eilo za roke je namenjeno samo zunanji uporabi, sredstva za \u010di\u0161\u010denje\/razku\u017eevanje povr\u0161in niso namenjena \u010di\u0161\u010denju\/razku\u017eevanju ko\u017ee)<\/li>\n<li>glede na trenutno epidemiolo\u0161ko situacijo splo\u0161na uporaba za\u0161\u010ditnih mask ni potrebna<\/li>\n<li>v \u010dasu pove\u010danega pojavljanja oku\u017eb dihal se izogibamo zaprtih prostorov, v katerih se zadr\u017euje veliko \u0161tevilo ljudi. Poskrbimo za redno zra\u010denje zaprtih prostorov.<\/li>\n<\/ul>\n<p>Na \u0161oli bomo spremljali dogajanje in ravnali\u00a0 po priporo\u010dilih, ki jih bomo dobili od NIJZ in MIZ\u0160.<\/p>\n<p>&nbsp;<\/p>\n<p><em>mag. Aleksander Kotnik, ravnatelj<\/em><\/p>\n<h5><img loading=\"lazy\" decoding=\"async\" class=\"alignnone size-thumbnail wp-image-2655\" src=\"http:\/\/gs-ravne.splet.arnes.si\/files\/2020\/03\/navodila_higiena-kaslja_0-150x150.png\" alt=\"\" width=\"150\" height=\"150\" \/><a href=\"http:\/\/gs-ravne.splet.arnes.si\/files\/2020\/03\/navodila_higiena-kaslja_0.pdf\">HIGIENA KA\u0160LJA &#8211; navodila<\/a><\/h5>\n<h5><img loading=\"lazy\" decoding=\"async\" class=\"alignnone size-thumbnail wp-image-2657\" src=\"http:\/\/gs-ravne.splet.arnes.si\/files\/2020\/03\/navodila-za-umivanje-rok-150x150.jpg\" alt=\"\" width=\"150\" height=\"150\" \/><a href=\"http:\/\/gs-ravne.splet.arnes.si\/files\/2020\/03\/navodila_higiena-rok_splosna-javnost.pdf\">HIGIENA ROK &#8211; navodila<\/a><\/h5>\n<p>&nbsp;<\/p>\n","protected":false},"excerpt":{"rendered":"<p>Aktualno na povezavi\u00a0https:\/\/www.nijz.si\/sl\/koronavirus-2019-ncov Po navodilih Ministrstva za \u0161olstvo, znanost in \u0161port z dne 24. 2. 2020 vas obve\u0161\u010damo, da posebnih omejitev pri izvajanju pouka pristojno ministrstvo do nadaljnjega ne predvideva. Na \u0161oli bomo poskrbeli za pogostej\u0161o dezinfekcijo kljuk, stikal in &hellip; <a href=\"https:\/\/gs-ravne.splet.arnes.si\/?page_id=2653\">Beri naprej <span class=\"meta-nav\">&rarr;<\/span><\/a><\/p>\n","protected":false},"author":2856,"featured_media":0,"parent":0,"menu_order":0,"comment_status":"closed","ping_status":"closed","template":"","meta":{"ngg_post_thumbnail":0,"footnotes":""},"class_list":["post-2653","page","type-page","status-publish","hentry"],"_links":{"self":[{"href":"https:\/\/gs-ravne.splet.arnes.si\/index.php?rest_route=\/wp\/v2\/pages\/2653","targetHints":{"allow":["GET"]}}],"collection":[{"href":"https:\/\/gs-ravne.splet.arnes.si\/index.php?rest_route=\/wp\/v2\/pages"}],"about":[{"href":"https:\/\/gs-ravne.splet.arnes.si\/index.php?rest_route=\/wp\/v2\/types\/page"}],"author":[{"embeddable":true,"href":"https:\/\/gs-ravne.splet.arnes.si\/index.php?rest_route=\/wp\/v2\/users\/2856"}],"replies":[{"embeddable":true,"href":"https:\/\/gs-ravne.splet.arnes.si\/index.php?rest_route=%2Fwp%2Fv2%2Fcomments&post=2653"}],"version-history":[{"count":6,"href":"https:\/\/gs-ravne.splet.arnes.si\/index.php?rest_route=\/wp\/v2\/pages\/2653\/revisions"}],"predecessor-version":[{"id":2695,"href":"https:\/\/gs-ravne.splet.arnes.si\/index.php?rest_route=\/wp\/v2\/pages\/2653\/revisions\/2695"}],"wp:attachment":[{"href":"https:\/\/gs-ravne.splet.arnes.si\/index.php?rest_route=%2Fwp%2Fv2%2Fmedia&parent=2653"}],"curies":[{"name":"wp","href":"https:\/\/api.w.org\/{rel}","templated":true}]}}